20*c + 16. Let r = -38 - -50. What is the tens digit of w(r)?
0
What is the thousands digit of (-82648)/(-14) - (-7 + (-270)/(-42))?
5
Let y = 321 - 183. Let j = 157 - y. What is the units digit of j?
9
Let r be ((-96)/4)/3 - -1593. Let p = r - -45. What is the units digit of p?
0
Let k be 304/95 + (-2)/10. Suppose 1830 = 2*m + k*m. Let j = m - 225. What is the hundreds digit of j?
1
Let f = -25634 - -64766. What is the units digit of f?
2
Let h(u) = 98*u**2 - 5*u + 2. Let i be h(1). Let a be (42/(-35))/(93/i - 1). Let n = -34 + a. What is the units digit of n?
3
Let u be 2 - (-5)/(-15)*-3. Let p(m) = -115*m - 14. Let k(x) = -57*x - 7. Let s(z) = -5*k(z) + 2*p(z). What is the units digit of s(u)?
2
Let o be -2*((-14)/16 + 1/(-8)). Suppose 3*a = 4*h - 3648, o*a - 7*a + 3648 = 4*h. What is the units digit of h?
2
Let l = 27735 + -16520. What is the hundreds digit of l?
2
Let s(g) = -g**3 + 17*g**2 - 38*g - 7. Let x be s(17). Let f = x + 1049. What is the tens digit of f?
9
Suppose 0 = 21*c - 27*c. Suppose -4*y - p + 1808 = c, -p - 3 = 1. What is the tens digit of y?
5
Let t(n) be the third derivative of n**6/40 + n**5/20 + n**4/6 + n**3/3 - 2*n**2. Let c be t(-2). Let y(d) = -5*d - 20. What is the tens digit of y(c)?
7
Suppose -2*t - 145 = -3*l - 0*t, -2*t - 47 = -l. What is the thousands digit of (9478/49)/(7/l)?
1
Suppose -8*l = -56*l + 397430 + 290554. What is the ten thousands digit of l?
1
Suppose -50*o + 37*o = -52. Suppose 5*a = s - 221, -3*a - 215 = -o*s + 737. What is the hundreds digit of s?
2
Suppose -4*p + 27478 = 7*y, 3*p - 20616 = 748*y - 752*y. What is the units digit of p?
0
Let c = -2 + 15. Suppose q + 3*h - 5*h - 5 = 0, 5*q - 3*h = 32. Let m = c - q. What is the units digit of m?
6
Suppose -5*j - 930 = -3*g, g = -0*j - j - 194. Suppose -5*x = 4*w - 504 - 653, 0 = 2*w - 5*x - 541. Let i = w + j. What is the tens digit of i?
9
Let d(y) be the second derivative of 3*y**5/20 - y**4/12 - y**3/3 + y**2/2 - 13*y. Let n be d(2). What is the tens digit of n/(-4 - (-84)/20)?
8
Let d(h) be the first derivative of -h**3 + 13*h**2/2 + 11. Let f be d(4). Suppose 0 = -2*z + 8, -4*y = -9*y + f*z + 94. What is the tens digit of y?
2
Let w = -30 + 81. Suppose -2*m + 0*g - 5*g = -w, 24 = m + 2*g. Suppose 32 = -17*u + m*u. What is the units digit of u?
2
Let l(i) = 358*i**3 + 32*i**2 - 11*i - 1. What is the hundreds digit of l(4)?
3
Suppose 9*q + 0*q = 27. Suppose -q*x - 3*g - 424 + 2221 = 0, 1792 = 3*x - 2*g. What is the tens digit of x?
9
Let o(a) = -a**2 - 7*a - 8. Suppose 0 = -2*b, -4*s + 3*s + 2*b - 7 = 0. Let z be o(s). Let c(f) = f**3 + 9*f**2 - 10*f - 17. What is the units digit of c(z)?
7
Suppose 4*o = -267*c + 263*c + 84936, -o + 21192 = -5*c. What is the units digit of o?
7
Suppose -n - 4 = -x - 6, 0 = 5*x + 5*n - 10. Let k be (6 + x)*(-1044)/(-8). What is the tens digit of k/4 - (-30)/(-40)?
9
Let w(y) = -2*y + 38. Let x be w(16). Let m(r) = -9*r + 10. Let v be m(x). Let u = 102 + v. What is the units digit of u?
8
Suppose 329*m + 108510 = 339*m. What is the hundreds digit of m?
8
Let v = 85 + -81. Suppose -4011 = -5*f - 4*n + 5*n, 2*f = -v*n + 1622. What is the tens digit of f?
0
Suppose -3*t - 5*r = -0*r - 3390, t + 3*r = 1126. Let j = t + 156. Suppose 415 - j = -4*o. What is the hundreds digit of o?
2
Suppose 15*o = 2415 + 35895. Let p = 3948 - o. What is the hundreds digit of p?
3
Suppose -27 = -3*g - 24. What is the units digit of 987/2 + ((-9)/(-18) - g)?
3
Let m = -745 + 734. Let b(c) = -2*c**3 - 14*c**2 + 11*c + 1. What is the units digit of b(m)?
8
Let y(q) = q**2 + 4*q + 20. Let o be y(-14). Let v = o - 87. Suppose 2*m - 3*z = v, -5*m - z + 23 = -134. What is the units digit of m?
2
Let g = 506 - 506. Suppose g = -32*l + 4*l + 5180. What is the tens digit of l?
8
What is the ten thousands digit of (1/((-6)/1346))/(532/(-116508))?
4
Suppose 4*l = -283 - 569. Let n = l + 439. What is the hundreds digit of n?
2
Let g be (8 - (-2)/2)/(-6 + 7). Let v be ((-3)/g)/((-2)/(-18)*-3). What is the units digit of ((-12)/(-12))/(v/434*2)?
7
Let n(i) be the first derivative of -i**4/4 + 26*i**3/3 - 17*i**2/2 + 29*i - 157. What is the tens digit of n(24)?
7
Suppose 3*a = -3*c + 112578, -2*c - 2*a + 112584 = c. What is the units digit of c?
2
Let t = -366 + 519. Let s = 1738 - t. What is the units digit of s?
5
Let y(n) = n**2 + 8*n - 45. Let i be y(4). Suppose -p = -5, 2*z - i*p - 694 - 5 = 0. What is the hundreds digit of z?
3
Suppose -3*s = 3, 3*x - 2*s - 6 = -5*s. Suppose -2*v + 73 = x*d + 3*v, 3*v - 23 = -d. Let n = d + -6. What is the units digit of n?
0
Let o = 272 - 452. Let j = 437 + o. What is the units digit of j?
7
Let h = -4911 + 563. Let q be h/(-12) + 24/9 + -2. Suppose 0 = 5*v - 17 - q. What is the units digit of v?
6
Suppose 0 = 31*l - 28 - 34. What is the units digit of (-3)/6 + (457/l - 2)?
6
Let z(j) = j**3 - j**2 + j - 141. Let o be 2/6 - 13/39. Let x be z(o). Let q = x + 205. What is the tens digit of q?
6
Suppose -2289234 = -50*s - 165684. What is the ten thousands digit of s?
4
Let m = 2818 + 69583. What is the thousands digit of m?
2
Suppose -14*y + 71108 = 21*y - 20767. What is the units digit of y?
5
Let u(g) = 3*g**2 + 25*g + 96. Let x be u(24). Suppose 17*s = 21*s - x. What is the units digit of s?
6
Let m(w) = -55*w - 1. Let r be m(1). Let j = 25 + r. Let y = 43 + j. What is the units digit of y?
2
What is the hundreds digit of 1813 - (11 + -15 + 4)?
8
Let r = -557 + 117. Let n = 114 - r. What is the tens digit of n?
5
Let k(n) = 445*n**2 - 145*n - 839. What is the hundreds digit of k(-6)?
0
Suppose 2*y - 3 = 5, -5*v + 406 = 4*y. What is the tens digit of (6 - v/8)*(-16)/3?
2
Let i(f) = 0 - f - f**2 + 3*f**2 + 2. Suppose -6668*u = -6672*u - 16. What is the tens digit of i(u)?
3
What is the thousands digit of 6816/2 - (20 - (-13 - -25))?
3
Suppose -20*k - 11 = -3*u - 25*k, 0 = -u - 4*k - 1. Suppose d - 1513 = 5*o - u*o, 4534 = 3*d + 5*o. What is the tens digit of d?
0
Let f(m) = 5*m + 1201. What is the hundreds digit of f(-57)?
9
Let p = 339 + -294. What is the units digit of 15398/12 + p/54?
4
Let i be (-2 - 0 - 10/(-4))*0. Suppose i = -2*q - 5*u + 996, -3*u - 565 = -q - 78. What is the hundreds digit of q?
4
Suppose w - 620 = 4*q - 230, 4*w - 1560 = -5*q. Let b = w - 187. What is the hundreds digit of b?
2
Suppose -w = 4*a - 124416 - 186890, 77816 = a - 5*w. What is the tens digit of a?
2
Suppose 0 = -12*r + 6*r - 690. Let w(l) = -l**3 - l**2 + 2*l - 200. Let j be w(0). Let u = r - j. What is the tens digit of u?
8
Let n(i) = 3*i**2 - 37*i - 8. Let f be -1*(-1 - (-2 + -4)). What is the hundreds digit of n(f)?
2
Let x(j) = 16*j + 2*j - 19*j**2 - 16 - j**3 - 21. Let c be x(-20). Suppose y = -0*y + 4, -220 = -c*w + 2*y. What is the units digit of w?
6
Let n = 499 - -78. What is the hundreds digit of n - 2*(9/6 + 1)?
5
Let u(c) be the second derivative of c**4/12 - c**3/6 + 19*c**2/2 + 83*c - 1. Suppose 0 = -4*r + 2*r + 10. What is the tens digit of u(r)?
3
Let o(k) = 14*k**2 - 10*k - 6. Let m be o(-5). Let q = -265 + m. Suppose -6 = d - q. What is the tens digit of d?
2
Let v(u) = -3762*u + 120. What is the tens digit of v(-2)?
4
Let f(s) be the first derivative of -27*s + 1 + 15/2*s**2. What is the tens digit of f(8)?
9
Suppose 3*y = 3*l - 90384, 5*y + 90677 + 29840 = 4*l. What is the thousands digit of l?
0
Let g(r) = -r + 9. Let v be g(5). What is the tens digit of 6/12 - ((-250)/v + -3)?
6
Suppose 4*x + s = -4*s + 269, -5*x = 4*s - 334. Let a = 135 + x. What is the tens digit of a?
0
What is the units digit of (1 - -1419)/5*(-10 + 11)?
4
Let y be (9538/57)/((-4)/6). Let s = y - -516. What is the tens digit of s?
6
What is the ten thousands digit of ((-558)/48 + 12/(-32))*-1006?
1
Let g = -62 - -65. Suppose -4*d + 948 = 5*r - 565, g*r = -5*d + 1888. What is the units digit of d?
7
Suppose 52246 = 445*m - 441*m + 2*f, -5*m + f = -65297. What is the thousands digit of m?
3
What is the ten thousands digit of -5 + (4 - 4*1300/(-24)*66)?
1
Suppose -26*w = -122514 + 340. What is the hundreds digit of w?
6
Suppose -4*b - 81 = 135. Let t be 48/22 + b/297. Suppose 632 = -t*c + 10*c. What is the units digit of c?
9
Let i = -2645 - -2885. What is the tens digit of i?
4
Let g be (-19580)/90 + (-4)/9. What is the units 